ided by i?
49
Let n = 225 + -228. Calculate the remainder when (-193)/n - (25/(-15) - -1) is divided by 14.
9
Let g = -3758 + 3800. What is the remainder when 371 is divided by g?
35
Suppose -1468*w = -1496*w + 7252. What is the remainder when w is divided by 247?
12
Let d be 4*4/(64/40). Suppose -8*b = -d*b + 28. Calculate the remainder when 82 is divided by b.
12
Suppose 480 = -12645*s + 12655*s. What is the remainder when 200 is divided by s?
8
What is the remainder when 2068 is divided by ((-2)/7 - 348/7)*-1 - 2?
4
Suppose 0*k - 32121 = 36*k - 165*k. Calculate the remainder when 1492 is divided by k.
247
Let j be (-4)/(8 + 4)*(-15)/(-1). Let a(b) = 4*b**2 + 16*b - 7. Suppose 2*q - 24 = 24. Calculate the remainder when q is divided by a(j).
11
Let l be (-5 - -4)*(-1 + 1). Let o(p) = -985*p - 4872. What is the remainder when o(-5) is divided by (-13 - -2)/(-1) - l?
9
Let x(t) = t**3 + 7*t**2 - 3*t + 1. Let v(m) = 4*m**2 - m + 1. Let f(n) = -5*v(n) + 3*x(n). What is the remainder when 86 is divided by f(2)?
14
Suppose h - 440 = -5*v, -173*v + 2105 = 5*h - 167*v. Calculate the remainder when h is divided by 56.
23
Suppose -2*u + 943 + 547 = 4*i, i = -4*u + 2952. What is the remainder when u is divided by 204?
125
Let g(q) be the third derivative of -7*q**4/3 - 23*q**3/6 - 7*q**2 - 2*q. What is the remainder when g(-5) is divided by 37?
35
Let q = 2502 + -2424. Calculate the remainder when q is divided by 22.
12
Suppose 4*t - 11*t - 12555 = -38*t. Calculate the remainder when 413 is divided by t.
8
Suppose 0 = -m, 5*m = -4*x + 148 + 144. Suppose -x*d = -63*d - 850. What is the remainder when d is divided by 48?
37
Suppose -3*c - 5*x = -36, -6*c + 36 = -3*c + 2*x. Suppose 3*h = c, -5*h = 5*q - 2*q - 305. What is the remainder when q is divided by 38?
19
Suppose 3*y + 15585 = 3*d, -10*y + 8*y = -4. What is the remainder when d is divided by 113?
112
Let c be -2 - -3 - 2*2. Calculate the remainder when 61/((-15)/c - 4) is divided by 7.
5
Let a(w) = -w**3 + 8*w**2 - w - 2. Let q = -568 + -21. Let t = q + 598. What is the remainder when a(7) is divided by t?
4
Suppose -5 = 8*m - 637. Let f = -27 - -31. Suppose 0 = -q - 3*s - s + 7, 98 = f*q + 2*s. What is the remainder when m is divided by q?
25
Suppose 11*v - 10*v = -3*f + 41, 3*f = -4*v + 29. Suppose f*j - 1848 = j. Calculate the remainder when j is divided by 67.
65
Let m(y) = y**3 - 5*y**2 + 5*y - 3. Let u be (27/2)/((-1)/(-2)). Let g be -10*(4 - u/6). What is the remainder when m(g) is divided by 12?
10
Suppose r + u = -3*u + 488, -5*u + 2440 = 5*r. Suppose 3*h - 15 = -3*q, 22 - 49 = 3*h. Calculate the remainder when r is divided by q.
12
Let y = 218 - 216. Suppose -4*h = -y*h - 4*f - 54, 0 = 5*h - 2*f - 119. Calculate the remainder when h is divided by 14.
9
Let m = -11168 + 15068. Calculate the remainder when m is divided by 32.
28
Let c(n) = -23*n + 455. Let x be c(20). Suppose -3*g + 51 = -m, 2*g - 19 = 3*m + 22. What is the remainder when -2 - 450/(x - 5) is divided by g?
11
Suppose 0 = -3*z - 0*z + 6. Suppose 5*c - 77 = 4*f, z*c - 23 = c - 3*f. Let j(q) = -8*q - 23. What is the remainder when j(-11) is divided by c?
14
Let p = -22204 - -22437. Calculate the remainder when p is divided by 115.
3
Let y(q) = 2*q - 6. Let u be y(17). Suppose -t - 5*z + 11 = -u, -2*t + 56 = -z. Calculate the remainder when t is divided by 2.
1
Let s = -534 + 339. Let l = 207 + s. What is the remainder when 47 is divided by l?
11
Suppose 0 = -5*a + 2*s + 26 + 129, -15 = 3*s. Calculate the remainder when 5*5/175 - (8 + (-7488)/63) is divided by a.
24
Let h = -55 + 72. Suppose -20 = 58*x - 310. What is the remainder when h is divided by x?
2
Let d = 766 + -762. Suppose 3*c = -6*p + 78, -c - d*p = -2*c + 2. What is the remainder when 104 is divided by c?
14
Let w(d) = -d**3 + 31*d**2 + 43*d - 248. What is the remainder when w(32) is divided by 4/(-6)*(-222)/4?
30
Suppose -6*g = -15*g - 3411. Let d = -32 - g. Calculate the remainder when d is divided by 35.
32
Let u = 64 + -61. Suppose 0 = l + u*x - 31, -2*x - 22 = -l + 14. Calculate the remainder when 65 is divided by l.
31
Let k = -16469 + 16496. Suppose -2 - 18 = -2*b. Calculate the remainder when k is divided by b.
7
Suppose 0 = -14*a - 30*a + 2*a + 84. Calculate the remainder when 71 is divided by a.
1
Let b(l) = -119*l + 406. Calculate the remainder when 6564 is divided by b(3).
47
Let a be (49/21 + -1)*(-585)/(-10). Let u = 205 - a. Calculate the remainder when u is divided by 26.
23
Let m = -1804 + 1815. Let p(v) = -3*v + 5. Calculate the remainder when p(-5) is divided by m.
9
Let i be (-2)/((33/(-88))/((-6)/(-8))). Suppose i*t = -0*t + 3*z + 46, -t + 21 = 4*z. What is the remainder when 114 is divided by t?
10
Let i(z) = 2*z**2 - 4*z + 3. Let h(d) = 12*d**2 + 48*d - 237. Calculate the remainder when h(5) is divided by i(-4).
48
Let a(p) = -111*p - 5115. Calculate the remainder when 293 is divided by a(-47).
89
Let c(v) = 10*v + 117. Let w(q) = 37*q + 469. Let l(a) = -9*c(a) + 2*w(a). Calculate the remainder when l(-10) is divided by 20.
5
Let a(r) = 2*r**2 + 2*r - 1. Let v be a(-2). Suppose v*j = -j + 68. Let u = -5 - -12. What is the remainder when j is divided by u?
3
Let u = -16001 + 16773. What is the remainder when u is divided by 132?
112
Let k = 296 + -533. Let n = -55 - k. Suppose 0 = 2*c - 102 + 28. What is the remainder when n is divided by c?
34
Suppose 20*n = 1556 + 4. Suppose 3*v + 4*j + 0*j - n = 0, 4*v + j - 91 = 0. Calculate the remainder when 39 is divided by v.
17
Let a(r) = 3105*r**3 - r**2 - 4*r + 4. Calculate the remainder when a(1) is divided by 69.
68
Suppose -2433 = -22*p + 5*p + 5404. What is the remainder when p is divided by 86?
31
Let y be ((6 - 4) + 1)*1. Suppose -5*c = -2*n - 717, -7*c + 283 = -5*c + y*n. Calculate the remainder when c is divided by 2/(14/(-16) - -1).
15
Let m = 15971 + -14735. What is the remainder when m is divided by 36?
12
Let s(a) = -73*a**3 + 5*a**2 - 4*a. Let f be s(1). What is the remainder when (-13384)/f - 5/(-45) is divided by 39?
30
Let w(h) = -7*h. Let x be w(5). Let l = -20 - x. Let u = -10 - -68. What is the remainder when u is divided by l?
13
Calculate the remainder when (((-571)/(-4))/1)/(-51 - (-48984)/960) is divided by 34.
32
Suppose -51 - 215 = -7*k. Let u be (-3)/(-9)*-1 + k/6. Suppose u*j - 1 = 11. What is the remainder when 5 is divided by j?
1
Let t = 7 + 0. Let f(u) = u + 7. What is the remainder when -8 - (184/(-4) - 0*(-1)/3) is divided by f(t)?
10
Suppose 2*h = 3*w + 44 + 475, 0 = 5*h + 3*w - 1287. Let n = h + -11. Calculate the remainder when n is divided by 18.
13
Let h(r) = r**2 + 3*r - 18. Let p be h(-6). Suppose p = 5*k - k - 40. Suppose 2*l + k = 3*l. What is the remainder when 39 is divided by l?
9
Suppose 0*m - 1440 = -24*m. Suppose 0 = m*a - 56*a - 184. Let x(s) = -5*s + 1. What is the remainder when a is divided by x(-1)?
4
Let k(j) = -j**3 - 11*j**2 - 21*j - 12. Let h be k(-9). Suppose 0 = -8*f + h + 1553. What is the remainder when f is divided by 11?
9
Suppose 12 = -o - 4*w + 1243, 4*o - 3*w = 5019. Calculate the remainder when o is divided by 414.
9
What is the remainder when (-1 + (-70)/(-4))/(-3 + (-6027)/(-1960)) is divided by 211?
9
Suppose -4668 = -17*p + 30658. Calculate the remainder when p is divided by 26.
24
Let n = -9366 - -9398. Suppose 5*h - 28 = 57. Calculate the remainder when n is divided by h.
15
Let a(i) = 2*i**2 - 260. Calculate the remainder when 879 is divided by a(13).
21
Let j = -10875 + 12725. Calculate the remainder when j is divided by 19.
7
Suppose -3*f + 4*o + 228 = 0, -f = 5*o - 15 - 42. Let i = 10 + -6. Suppose -i*j = -16, -a + 5*j - 8 = -3. What is the remainder when f is divided by a?
12
Suppose -m + 6*m - 370 = 0. Suppose -2*q = -5*d - 560, -q - 2*d = 2*d - 306. Calculate the remainder when q is divided by m.
68
Let c be (-6)/(-3) + 1*12/6. Calculate the remainder when c/(-6) + 3686/291 is divided by 8.
4
Let m(p) = p + 11. Let t be m(13). Let w = t - 20. Suppose w*k - 41 = 31. What is the remainder when k is divided by 10?
8
Let g = -137 + 141. Suppose -c + g*w = -52, -c + 128 = c - 2*w. Calculate the remainder when c is divided by 23.
22
Suppose 2*r - 3*q = 70, 6*r = 2*q + q + 246. Calculate the remainder when 954 is divided b